e millions digit of 12030958?
2
What is the units digit of 386283?
3
What is the hundreds digit of 26191115?
1
What is the ten thousands digit of 218885?
1
What is the hundreds digit of 414027?
0
What is the thousands digit of 554631?
4
What is the millions digit of 34099055?
4
What is the tens digit of 1934076?
7
What is the ten thousands digit of 375239?
7
What is the thousands digit of 1694264?
4
What is the units digit of 4923786?
6
What is the ten thousands digit of 560870?
6
What is the units digit of 21266850?
0
What is the units digit of 511734?
4
What is the thousands digit of 1341802?
1
What is the ten thousands digit of 2075518?
7
What is the units digit of 1586?
6
What is the tens digit of 1066120?
2
What is the tens digit of 7185766?
6
What is the thousands digit of 3988493?
8
What is the ten millions digit of 11636635?
1
What is the hundred thousands digit of 10092686?
0
What is the hundred thousands digit of 194765?
1
What is the tens digit of 195659?
5
What is the units digit of 1187289?
9
What is the ten thousands digit of 129594?
2
What is the millions digit of 1022047?
1
What is the tens digit of 1843259?
5
What is the hundreds digit of 7622579?
5
What is the hundred thousands digit of 2625272?
6
What is the hundred thousands digit of 258147?
2
What is the units digit of 3198345?
5
What is the millions digit of 2499956?
2
What is the ten thousands digit of 2190397?
9
What is the ten thousands digit of 3690031?
9
What is the tens digit of 32819532?
3
What is the thousands digit of 360113?
0
What is the thousands digit of 989192?
9
What is the millions digit of 2482355?
2
What is the tens digit of 599389?
8
What is the hundreds digit of 4880?
8
What is the units digit of 57556?
6
What is the hundred thousands digit of 427506?
4
What is the units digit of 678165?
5
What is the ten thousands digit of 213632?
1
What is the millions digit of 3888114?
3
What is the units digit of 29150530?
0
What is the ten thousands digit of 3025413?
2
What is the hundreds digit of 132503?
5
What is the tens digit of 4819570?
7
What is the hundred thousands digit of 1594148?
5
What is the millions digit of 5266044?
5
What is the units digit of 248661?
1
What is the tens digit of 204783?
8
What is the ten thousands digit of 5285201?
8
What is the ten thousands digit of 2556965?
5
What is the ten thousands digit of 8506352?
0
What is the hundreds digit of 488325?
3
What is the hundreds digit of 332747?
7
What is the tens digit of 6432141?
4
What is the tens digit of 16694103?
0
What is the ten thousands digit of 280777?
8
What is the ten thousands digit of 17436?
1
What is the tens digit of 1568550?
5
What is the tens digit of 47871?
7
What is the thousands digit of 3840613?
0
What is the units digit of 1912101?
1
What is the hundreds digit of 2155409?
4
What is the thousands digit of 1606908?
6
What is the hundred thousands digit of 1023117?
0
What is the units digit of 496586?
6
What is the hundreds digit of 2893262?
2
What is the thousands digit of 1498906?
8
What is the ten thousands digit of 607146?
0
What is the hundred thousands digit of 7145763?
1
What is the thousands digit of 1913710?
3
What is the units digit of 284124?
4
What is the units digit of 63374?
4
What is the ten thousands digit of 8094190?
9
What is the units digit of 1964698?
8
What is the thousands digit of 21748223?
8
What is the tens digit of 626295?
9
What is the hundred thousands digit of 4162314?
1
What is the tens digit of 361388?
8
What is the ten thousands digit of 659158?
5
What is the hundreds digit of 198377?
3
What is the hundreds digit of 2325742?
7
What is the units digit of 27211012?
2
What is the thousands digit of 7758466?
8
What is the millions digit of 5916689?
5
What is the thousands digit of 310019?
0
What is the ten thousands digit of 1995913?
9
What is the hundred thousands digit of 2746233?
7
What is the hundred thousands digit of 270727?
2
What is the ten thousands digit of 4655787?
5
What is the hundred thousands digit of 1641340?
6
What is the tens digit of 549620?
2
What is the thousands digit of 2259804?
9
What is the hundreds digit of 51705?
7
What is the ten millions digit of 10898725?
1
What is the hundred thousands digit of 600633?
6
What is the tens digit of 78237?
3
What is the hundreds digit of 4874986?
9
What is the hundred thousands digit of 9264085?
2
What is the thousands digit of 182991?
2
What is the millions digit of 7073108?
7
What is the thousands digit of 6063442?
3
What is the hundred thousands digit of 3312427?
3
What is the thousands digit of 15912628?
2
What is the thousands digit of 71458?
1
What is the tens digit of 7528014?
1
What is the hundred thousands digit of 137224?
1
What is the thousands digit of 322375?
2
What is the ten thousands digit of 608876?
0
What is the units digit of 4258520?
0
What is the thousands digit of 6698536?
8
What is the thousands digit of 170886?
0
What is the units digit of 12267433?
3
What is the hundreds digit of 1623152?
1
What is the millions digit of 6512012?
6
What is the hundred thousands digit of 225229?
2
What is the thousands digit of 686062?
6
What is the ten thousands digit of 7121066?
2
What is the hundreds digit of 143979?
9
What is the thousands digit of 185879?
5
What is the hundreds digit of 429531?
5
What is the millions digit of 11494562?
1
What is the thousands digit of 160479?
0
What is the units digit of 14312723?
3
What is the ten thousands digit of 111860?
1
What is the ten thousands digit of 793837?
9
What is the millions digit of 24530311?
4
What is the hundred thousands digit of 943354?
9
What is the ten thousands digit of 164453?
6
What is the ten millions digit of 34571448?
3
What is the hundred thousands digit of 213789?
2
What is the thousands digit of 4040054?
0
What is the thousands digit of 273169?
3
What is the thousands digit of 1737863?
7
What is the thousands digit of 9132217?
2
What is the units digit of 643348?
8
What is the thousands digit of 5902824?
2
What is the hundreds digit of 1255646?
6
What is the thousands digit of 1167920?
7
What is the ten thousands digit of 817698?
1
What is the tens digit of 9106030?
3
What is the tens digit of 1121056?
5
What is the tens digit of 4610200?
0
What is the units digit of 226286?
6
What is the thousands digit of 8796447?
6
What is the thousands digit of 100156?
0
What is the thousands digit of 4585229?
5
What is the hundreds digit of 8230125?
1
What is the units digit of 1852228?
8
What is the tens digit of 301473?
7
What is the units digit of 16596?
6
What is the units digit of 1253641?
1
What is the hundred thousands digit of 2964579?
9
What is the hundred thousands digit of 187395?
1
What is the hundred thousands digit of 5433599?
4
What is the units digit of 9040933?
3
What is the hundreds digit of 705523?
5
What is the units digit of 9279777?
7
What is the hundred thousands digit of 257618?
2
What is the hundreds digit of 676890?
8
What is the tens digit of 5967505?
0
What is the millions digit of 3984935?
3
What is the ten thousands digit of 1381958?
8
What is the ten thousands digit of 102029?
0
What is the hundred thousands digit of 5299665?
2
What is the millions digit of 2168278?
2
What is the tens digit of 7934?
3
What is the units digit of 518762?
2
What is the ten millions digit of 26691713?
2
What is the tens digit of 347803?
0
What is the millions digit of 9566315?
9
What is the hundred thousands digit of 445546?
4
What is the units digit of 9633127?
7
What is the units digit of 187418?
8
What is the hundreds digit of 750121?
1
What is the tens digit of 167981?
8
What is the hundred thousands digit of 26341552?
3
What is the hundred thousands digit of 204566?
2
What is the ten thousands digit of 315579?
1
What is the thousands digit of 1004574?
4
What is the thousands digit of 261697?
1
What is the thousands digit of 4765880?
5
What is the hundred thousands digit of 123118?
1
What is the hundred thousands digit of 384297?
3
What is the thousands digit of 60476?
0
What is the hundred thousands digit of 668346?
6
What is the thousands digit of 15679?
5
What is the ten thousands digit of 2721775?
2
What is the ten thousands digit of 34461?
3
What is the tens digit of 1285842?
4
What is the hundr